{"id":27,"date":"2024-08-09T21:07:06","date_gmt":"2024-08-09T21:07:06","guid":{"rendered":"https:\/\/www.elitesys.co\/index\/home\/"},"modified":"2024-08-09T22:43:16","modified_gmt":"2024-08-09T22:43:16","slug":"principal","status":"publish","type":"page","link":"https:\/\/www.elitesys.co\/index\/","title":{"rendered":"Principal"},"content":{"rendered":"\n\n\n\n\n<h2>Desarrollo de software a la medida<\/h2>\n\n\n\n\n\n\n\n<p>Esta es la primera etapa del desarrollo de software, donde se recogen y analizan los requisitos del proyecto. Es fundamental entender lo que el cliente necesita y c\u00f3mo el sofware debe funcionar. Se llevan a cabo entrevistas, encuentas y revisiones de documentos para identificar las funcionales requeridad.<\/p>\n\n\n\n\n\n<p>En esta etapa, se crea la arquitectura del software basada en los requisitos definidos. Esto incluye el dise\u00f1o de la estructura general, la base de datos, la interfaz de usuario, y los m\u00f3dulos de software. Se decide c\u00f3mo se integrar\u00e1n los diferentes componentes y se establecen los est\u00e1ndares de codificaci\u00f3n. <\/p>\n\n\n\n\n\n<p>Aqu\u00ed es donde los desarrollo comienzan a escribir el c\u00f3digo. Utilizan los dise\u00f1os creados en la etapa anterior para construir las funcionalidades del software. Dependiendo del tama\u00f1o y la complejidad del proyecto, el desarrollo puede llevarse a cabo en m\u00f3dulos que se integran al final.<\/p>\n\n\n\n\n\n\n\n<p>Despu\u00e9s de que se ha desarrollado el software, se somete a pruebas exhaustivas para detectar y corregir errores o bugs. Se realizan diferentes tipos de pruebas, incluyendo pruebas unitarias, de integraci\u00f3n, funcionales, de sistema y de aceptaci\u00f3n por parte del usuario.<\/p>\n\n\n\n\n\n<p>Una vez que el software ha sido probado y aprobado, se despliega en el entorno de producci\u00f3n. Esta etapa incluye la instalaci\u00f3n, configuraci\u00f3n y, en algunos casos, la migraci\u00f3n de datos. Se asegura que todo funcione correctamente en el entorno real del usuario.<\/p>\n\n\n\n\n\n<p>Despu\u00e9s del despliegue, el software entra en la fase de mantenimiento. Esto implica corregir errores que no se detectaron durante las pruebas, realizar actualizaciones para mejorar el rendimiento o agregar nuevas funcionalidades, y proporcionar soporte a los usuarios.<\/p>\n\n\n\n\n\n\n\n\n\n\n\n<h2>Por qu\u00e9 Nosotros?<\/h2>\n\n\n\n\n\n\n\n<p>La excelencia es nuestro est\u00e1ndar. Nos enfocamos en entregar productos y servicios de alta calidad que no solo cumplen con los requisitos t\u00e9cnicos, sino que tambi\u00e9n aportan valor real a nuestros clientes.<\/p>\n\n\n\n\n\n<p>Contamos con un equipo de profesionales altamente capacitados y con amplia experiencia en diversas tecnolog\u00edas y metodolog\u00edas de desarrollo, lo que nos permite abordar proyectos complejos con confianza y precisi\u00f3n.<\/p>\n\n\n\n\n\n<p>Nos mantenemos a la vanguardia de las \u00faltimas tendencias y tecnolog\u00edas, asegurando que las soluciones que ofrecemos no solo sean actuales, sino tambi\u00e9n futuristas y escalables.<\/p>\n\n\n\n\n\n\n\n\n\n<h2>Desarrollos en diferentes Sectores<\/h2>\n\n\n\n\n\n\n\n\n\n\n\n\n\n\n\n\n\n\n\n\n\n\n\n\n\n\n\n<h2>CEO<\/h2>\n\n\n\n\n\n\n\n<p [object NamedNodeMap]>Ingeniero de Sistemas especializado en arquitectura empresarial de software, experto en sistematizaci\u00f3n de procesos con objetivos de efectividad y eficiencia.<\/p>\n\n\n\n\n","protected":false},"excerpt":{"rendered":"","protected":false},"author":1,"featured_media":0,"parent":0,"menu_order":0,"comment_status":"closed","ping_status":"closed","template":"","meta":{"pagelayer_contact_templates":[],"_pagelayer_content":"","footnotes":""},"class_list":["post-27","page","type-page","status-publish","hentry"],"_links":{"self":[{"href":"https:\/\/www.elitesys.co\/index\/wp-json\/wp\/v2\/pages\/27","targetHints":{"allow":["GET"]}}],"collection":[{"href":"https:\/\/www.elitesys.co\/index\/wp-json\/wp\/v2\/pages"}],"about":[{"href":"https:\/\/www.elitesys.co\/index\/wp-json\/wp\/v2\/types\/page"}],"author":[{"embeddable":true,"href":"https:\/\/www.elitesys.co\/index\/wp-json\/wp\/v2\/users\/1"}],"replies":[{"embeddable":true,"href":"https:\/\/www.elitesys.co\/index\/wp-json\/wp\/v2\/comments?post=27"}],"version-history":[{"count":11,"href":"https:\/\/www.elitesys.co\/index\/wp-json\/wp\/v2\/pages\/27\/revisions"}],"predecessor-version":[{"id":76,"href":"https:\/\/www.elitesys.co\/index\/wp-json\/wp\/v2\/pages\/27\/revisions\/76"}],"wp:attachment":[{"href":"https:\/\/www.elitesys.co\/index\/wp-json\/wp\/v2\/media?parent=27"}],"curies":[{"name":"wp","href":"https:\/\/api.w.org\/{rel}","templated":true}]}}